38
What is the highest common divisor of 8 and 1192?
8
Calculate the greatest common divisor of 35 and 125.
5
Calculate the highest common factor of 11 and 187.
11
What is the greatest common divisor of 176 and 976?
16
What is the highest common factor of 45 and 585?
45
What is the highest common divisor of 3 and 489?
3
Calculate the greatest common factor of 1712 and 16.
16
Calculate the greatest common factor of 440 and 88.
88
Calculate the highest common divisor of 1537 and 58.
29
Calculate the greatest common divisor of 134 and 2077.
67
Calculate the highest common divisor of 21 and 336.
21
What is the greatest common divisor of 177 and 6549?
177
Calculate the greatest common divisor of 15 and 135.
15
Calculate the highest common factor of 299 and 325.
13
Calculate the highest common factor of 1526 and 14.
14
Calculate the greatest common factor of 1115 and 15.
5
What is the highest common factor of 240 and 375?
15
What is the highest common factor of 36 and 9?
9
Calculate the greatest common divisor of 3374 and 14.
14
What is the highest common factor of 250 and 450?
50
Calculate the highest common factor of 406 and 42.
14
Calculate the greatest common divisor of 4790 and 20.
10
What is the highest common divisor of 2580 and 129?
129
Calculate the highest common factor of 318 and 18.
6
What is the greatest common factor of 6064 and 32?
16
Calculate the highest common divisor of 135 and 432.
27
Calculate the greatest common factor of 105 and 30.
15
Calculate the greatest common factor of 77 and 12089.
77
What is the greatest common divisor of 550 and 50?
50
What is the greatest common divisor of 376 and 1833?
47
Calculate the highest common factor of 4107 and 111.
111
What is the highest common divisor of 85 and 119?
17
Calculate the highest common divisor of 115 and 2047.
23
What is the greatest common factor of 372 and 1209?
93
Calculate the highest common factor of 4 and 1994.
2
What is the highest common divisor of 50 and 1410?
10
Calculate the highest common factor of 168 and 987.
21
What is the highest common divisor of 4958 and 370?
74
Calculate the greatest common factor of 2730 and 84.
42
Calculate the highest common factor of 91465 and 55.
55
Calculate the greatest common divisor of 590 and 4248.
118
Calculate the highest common factor of 725 and 50.
25
Calculate the greatest common factor of 6 and 4.
2
Calculate the greatest common factor of 108 and 1932.
12
Calculate the greatest common divisor of 9179 and 134.
67
Calculate the greatest common factor of 861 and 147.
21
What is the highest common factor of 169 and 104?
13
What is the greatest common divisor of 6 and 5826?
6
What is the highest common factor of 34 and 6970?
34
What is the highest common divisor of 20 and 35?
5
Calculate the greatest common divisor of 171 and 9.
9
What is the greatest common factor of 11877 and 555?
111
Calculate the greatest common factor of 432 and 16.
16
What is the greatest common divisor of 117 and 975?
39
What is the highest common factor of 24016 and 48?
16
What is the greatest common divisor of 27 and 45?
9
What is the greatest common divisor of 57357 and 9?
9
What is the greatest common divisor of 154 and 44?
22
Calculate the greatest common factor of 2327 and 650.
13
Calculate the greatest common divisor of 8865 and 45.
45
What is the greatest common factor of 28 and 6202?
14
What is the highest common factor of 1065 and 497?
71
What is the highest common factor of 2997 and 648?
81
Calculate the highest common factor of 84 and 35.
7
Calculate the highest common divisor of 18 and 99.
9
What is the greatest common divisor of 19 and 11?
1
What is the greatest common divisor of 402 and 6?
6
Calculate the greatest common divisor of 511 and 763.
7
What is the greatest common factor of 40 and 120?
40
What is the greatest common divisor of 22 and 913?
11
What is the highest common factor of 2021 and 301?
43
Calculate the highest common divisor of 724 and 3439.
181
Calculate the highest common divisor of 1587 and 138.
69
What is the highest common divisor of 45 and 3275?
5
Calculate the highest common divisor of 9 and 711.
9
What is the highest common divisor of 55 and 25355?
55
Calculate the highest common factor of 16 and 3.
1
What is the greatest common factor of 24 and 1440?
24
Calculate the highest common divisor of 632 and 395.
79
What is the greatest common factor of 1008 and 18?
18
Calculate the highest common divisor of 3939 and 117.
39
Calculate the greatest common factor of 12806 and 266.
38
Calculate the highest common divisor of 261 and 441.
9
What is the greatest common factor of 216 and 135?
27
Calculate the highest common divisor of 29 and 7685.
29
Calculate the highest common divisor of 280 and 12460.
140
Calculate the highest common factor of 930 and 90.
30
Calculate the highest common factor of 58 and 10.
2
Calculate the highest common factor of 255 and 5185.
85
What is the highest common factor of 69 and 552?
69
Calculate the highest common factor of 52 and 36712.
52
Calculate the highest common divisor of 27 and 27.
27
What is the highest common factor of 10 and 8290?
10
Calculate the highest common factor of 2052 and 855.
171
Calculate the highest common factor of 93 and 14167.
31
What is the greatest common divisor of 177 and 4661?
59
Calculate the greatest common divisor of 80 and 12.
4
What is the highest common factor of 24 and 5400?
24
Calculate the greatest common divisor of 1040 and 11180.
260
What is the greatest common divisor of 948 and 252?
12
Calculate the highest common factor of 32487 and 238.
119
Calculate the greatest common factor of 30108 and 468.
156
Calculate the greatest common divisor of 759 and 132.
33
Calculate the highest common divisor of 7 and 56.
7
Calculate the highest common factor of 32 and 3632.
16
Calculate the greatest common divisor of 1568 and 96.
32
What is the highest common factor of 217 and 775?
31
What is the highest common factor of 104 and 40?
8
What is the greatest common divisor of 475 and 19?
19
Calculate the greatest common factor of 8 and 296.
8
Calculate the highest common factor of 539 and 22.
11
Calculate the highest common factor of 1156 and 34.
34
Calculate the highest common factor of 372 and 15438.
186
Calculate the highest common divisor of 21 and 189.
21
What is the highest common factor of 1840 and 1360?
80
Calculate the greatest common factor of 173 and 2768.
173
Calculate the greatest common factor of 73 and 3431.
73
What is the greatest common factor of 9296 and 168?
56
Calculate the highest common factor of 80 and 244.
4
Calculate the highest common divisor of 120 and 420.
60
What is the greatest common divisor of 2226 and 210?
42
What is the greatest common factor of 2 and 27?
1
Calculate the greatest common divisor of 9 and 15.
3
Calculate the greatest common factor of 17703 and 3.
3
What is the highest common factor of 306 and 72?
18
What is the greatest common factor of 31702 and 242?
242
What is the highest common factor of 7216 and 48?
16
Calculate the highest common divisor of 44 and 820.
4
Calculate the greatest common divisor of 90 and 1080.
90
What is the greatest common divisor of 44030 and 70?
70
What is the highest common factor of 250 and 20?
10
What is the highest common divisor of 7728 and 96?
48
What is the greatest common divisor of 52 and 20?
4
What is the greatest common factor of 130 and 1066?
26
Calculate the highest common factor of 581 and 182.
7
Calculate the highest common divisor of 68 and 20.
4
Calculate the greatest common factor of 77 and 220.
11
What is the highest common factor of 183 and 29829?
183
Calculate the greatest common factor of 11570 and 78.
26
What is the highest common divisor of 36 and 88?
4
Calculate the highest common divisor of 360 and 3015.
45
Calculate the greatest common factor of 808 and 3131.
101
Calculate the greatest common divisor of 26 and 91.
13
Calculate the highest common factor of 132 and 1518.
66
Calculate the greatest common factor of 28 and 91.
7
What is the greatest common factor of 184 and 48?
8
Calculate the greatest common divisor of 4676 and 14.
14
What is the highest common divisor of 1883 and 119?
7
What is the greatest common divisor of 30 and 14730?
30
What is the greatest common factor